{"id":2461,"date":"2026-06-18T15:36:51","date_gmt":"2026-06-18T15:36:51","guid":{"rendered":"https:\/\/amtpuyk.cluster030.hosting.ovh.net\/?page_id=2461"},"modified":"2026-08-25T13:27:30","modified_gmt":"2026-08-25T13:27:30","slug":"le-conseil-dadministration","status":"publish","type":"page","link":"https:\/\/ateliermuseedelaterre.com\/en\/le-conseil-dadministration\/","title":{"rendered":"Le conseil d&rsquo;administration"},"content":{"rendered":"<p class=\"wp-block-paragraph\">Jean-Louis GOUDIER (Pr\u00e9sident)<\/p>\n\n\n\n<p class=\"wp-block-paragraph\"><\/p>\n\n\n\n<p class=\"wp-block-paragraph\">\u21d2Vice-pr\u00e9sidente&nbsp;:Jade DOUCHET PEREZ<\/p>\n\n\n\n<p class=\"wp-block-paragraph\">\u21d2Tr\u00e9sorier&nbsp;: Guillaume GRENOUILLET<\/p>\n\n\n\n<p class=\"wp-block-paragraph\">\u21d2Tr\u00e9sori\u00e8re-adjointe&nbsp;: Val\u00e9rie LACORRE<\/p>\n\n\n\n<p class=\"wp-block-paragraph\">\u21d2Secr\u00e9taire&nbsp;: Liliane JAMIN<\/p>\n\n\n\n<p class=\"wp-block-paragraph\">\u21d2Secr\u00e9taire-adjointe&nbsp;: Sandrine PARADIS-GRENOUILLET<\/p>\n\n\n\n<ul class=\"wp-block-list\">\n<li>Membres&nbsp;: Emmanuelle BONNET, Marie-Jos\u00e9 FAURE et Brigitte LALLET<\/li>\n<\/ul>\n\n\n\n<figure class=\"wp-block-image size-large is-resized\"><img decoding=\"async\" width=\"1024\" height=\"768\" src=\"https:\/\/amtpuyk.cluster030.hosting.ovh.net\/wp-content\/uploads\/2026\/08\/20250908_205917-1024x768.jpg\" alt=\"\" class=\"wp-image-2642\" style=\"width:343px;height:auto\" srcset=\"https:\/\/ateliermuseedelaterre.com\/wp-content\/uploads\/2026\/08\/20250908_205917-1024x768.jpg 1024w, https:\/\/ateliermuseedelaterre.com\/wp-content\/uploads\/2026\/08\/20250908_205917-300x225.jpg 300w, https:\/\/ateliermuseedelaterre.com\/wp-content\/uploads\/2026\/08\/20250908_205917-768x576.jpg 768w, https:\/\/ateliermuseedelaterre.com\/wp-content\/uploads\/2026\/08\/20250908_205917-1536x1152.jpg 1536w, https:\/\/ateliermuseedelaterre.com\/wp-content\/uploads\/2026\/08\/20250908_205917-2048x1536.jpg 2048w, https:\/\/ateliermuseedelaterre.com\/wp-content\/uploads\/2026\/08\/20250908_205917-16x12.jpg 16w\" sizes=\"(max-width: 1024px) 100vw, 1024px\" \/><\/figure>","protected":false},"excerpt":{"rendered":"<p>Jean-Louis GOUDIER (Pr\u00e9sident) \u21d2Vice-pr\u00e9sidente&nbsp;:Jade DOUCHET PEREZ \u21d2Tr\u00e9sorier&nbsp;: Guillaume GRENOUILLET \u21d2Tr\u00e9sori\u00e8re-adjointe&nbsp;: Val\u00e9rie LACORRE \u21d2Secr\u00e9taire&nbsp;: Liliane JAMIN \u21d2Secr\u00e9taire-adjointe&nbsp;: Sandrine PARADIS-GRENOUILLET<\/p>","protected":false},"author":2,"featured_media":0,"parent":0,"menu_order":0,"comment_status":"closed","ping_status":"closed","template":"","meta":{"_acf_changed":false,"footnotes":""},"class_list":["post-2461","page","type-page","status-publish","hentry"],"acf":[],"_links":{"self":[{"href":"https:\/\/ateliermuseedelaterre.com\/en\/wp-json\/wp\/v2\/pages\/2461","targetHints":{"allow":["GET"]}}],"collection":[{"href":"https:\/\/ateliermuseedelaterre.com\/en\/wp-json\/wp\/v2\/pages"}],"about":[{"href":"https:\/\/ateliermuseedelaterre.com\/en\/wp-json\/wp\/v2\/types\/page"}],"author":[{"embeddable":true,"href":"https:\/\/ateliermuseedelaterre.com\/en\/wp-json\/wp\/v2\/users\/2"}],"replies":[{"embeddable":true,"href":"https:\/\/ateliermuseedelaterre.com\/en\/wp-json\/wp\/v2\/comments?post=2461"}],"version-history":[{"count":6,"href":"https:\/\/ateliermuseedelaterre.com\/en\/wp-json\/wp\/v2\/pages\/2461\/revisions"}],"predecessor-version":[{"id":2643,"href":"https:\/\/ateliermuseedelaterre.com\/en\/wp-json\/wp\/v2\/pages\/2461\/revisions\/2643"}],"wp:attachment":[{"href":"https:\/\/ateliermuseedelaterre.com\/en\/wp-json\/wp\/v2\/media?parent=2461"}],"curies":[{"name":"wp","href":"https:\/\/api.w.org\/{rel}","templated":true}]}}

<p class="wp-block-paragraph">Jean-Louis GOUDIER (Président)</p>



<p class="wp-block-paragraph"></p>



<p class="wp-block-paragraph">⇒Vice-présidente&nbsp;:Jade DOUCHET PEREZ</p>



<p class="wp-block-paragraph">⇒Trésorier&nbsp;: Guillaume GRENOUILLET</p>



<p class="wp-block-paragraph">⇒Trésorière-adjointe&nbsp;: Valérie LACORRE</p>



<p class="wp-block-paragraph">⇒Secrétaire&nbsp;: Liliane JAMIN</p>



<p class="wp-block-paragraph">⇒Secrétaire-adjointe&nbsp;: Sandrine PARADIS-GRENOUILLET</p>



<ul class="wp-block-list">
<li>Membres&nbsp;: Emmanuelle BONNET, Marie-José FAURE et Brigitte LALLET</li>
</ul>



<figure class="wp-block-image size-large is-resized"><img decoding="async" width="1024" height="768" src="https://amtpuyk.cluster030.hosting.ovh.net/wp-content/uploads/2026/08/20250908_205917-1024x768.jpg" alt="" class="wp-image-2642" style="width:343px;height:auto" srcset="https://ateliermuseedelaterre.com/wp-content/uploads/2026/08/20250908_205917-1024x768.jpg 1024w, https://ateliermuseedelaterre.com/wp-content/uploads/2026/08/20250908_205917-300x225.jpg 300w, https://ateliermuseedelaterre.com/wp-content/uploads/2026/08/20250908_205917-768x576.jpg 768w, https://ateliermuseedelaterre.com/wp-content/uploads/2026/08/20250908_205917-1536x1152.jpg 1536w, https://ateliermuseedelaterre.com/wp-content/uploads/2026/08/20250908_205917-2048x1536.jpg 2048w, https://ateliermuseedelaterre.com/wp-content/uploads/2026/08/20250908_205917-16x12.jpg 16w" sizes="(max-width: 1024px) 100vw, 1024px" /></figure>

<p>Jean-Louis GOUDIER (Président) ⇒Vice-présidente&nbsp;:Jade DOUCHET PEREZ ⇒Trésorier&nbsp;: Guillaume GRENOUILLET ⇒Trésorière-adjointe&nbsp;: Valérie LACORRE ⇒Secrétaire&nbsp;: Liliane JAMIN ⇒Secrétaire-adjointe&nbsp;: Sandrine PARADIS-GRENOUILLET</p>
