{"id":2459,"date":"2026-06-18T15:15:32","date_gmt":"2026-06-18T15:15:32","guid":{"rendered":"https:\/\/amtpuyk.cluster030.hosting.ovh.net\/?page_id=2459"},"modified":"2026-08-25T13:15:22","modified_gmt":"2026-08-25T13:15:22","slug":"lequipe","status":"publish","type":"page","link":"https:\/\/ateliermuseedelaterre.com\/en\/lequipe\/","title":{"rendered":"Our team"},"content":{"rendered":"<h2 class=\"wp-block-heading\">Arnaud Pauthier<\/h2>\n\n\n\n<p class=\"wp-block-paragraph\">M\u00e9diateur culturel \u00e0 l&rsquo;Atelier &#8211; Mus\u00e9e de la Terre<\/p>\n\n\n\n<p class=\"wp-block-paragraph\"><strong>Arnaud Pauthier<\/strong> est charg\u00e9 d&rsquo;animation et de m\u00e9diation culturelle au sein de l&rsquo;Atelier-Mus\u00e9e de la Terre \u00e0 Puycheny.<sup><\/sup><\/p>\n\n\n\n<p class=\"wp-block-paragraph\">Form\u00e9 aux Arts d\u00e9coratifs de Limoges et aux Beaux-Arts de Bordeaux, il est \u00e9galement artiste, peintre et sculpteur.<sup><\/sup><\/p>\n\n\n\n<p class=\"wp-block-paragraph\">Il met ses comp\u00e9tences artistiques et p\u00e9dagogiques au service de la valorisation du patrimoine tuilier et de l&rsquo;argile locale.<sup><\/sup><\/p>\n\n\n\n<p class=\"wp-block-paragraph\">Son r\u00f4le consiste notamment \u00e0 animer le site, encadrer des ateliers et transmettre les savoir-faire traditionnels aux visiteurs.<sup><\/sup><\/p>\n\n\n\n<h2 class=\"wp-block-heading\">St\u00e9phanie Collardeau<\/h2>\n\n\n\n<p class=\"wp-block-paragraph\">Secr\u00e9taire-comptable-Accueil<\/p>\n\n\n\n<p class=\"wp-block-paragraph\"><strong>St\u00e9phanie Collardeau<\/strong> est membre de l&rsquo;\u00e9quipe de l&rsquo;Atelier-Mus\u00e9e de la Terre \u00e0 Puycheny.<sup><\/sup><\/p>\n\n\n\n<p class=\"wp-block-paragraph\">Elle y exerce les fonctions de <strong>gestionnaire administrative et financi\u00e8re<\/strong>, tout en assurant la partie secr\u00e9tariat.<sup><\/sup><\/p>\n\n\n\n<p class=\"wp-block-paragraph\">Son travail au quotidien contribue au bon fonctionnement et \u00e0 la gestion de cette structure d\u00e9di\u00e9e au patrimoine tuilier.<sup><\/sup><\/p>\n\n\n\n<p class=\"wp-block-paragraph\"><\/p>","protected":false},"excerpt":{"rendered":"<p>Arnaud Pauthier M\u00e9diateur culturel \u00e0 l&rsquo;Atelier &#8211; Mus\u00e9e de la Terre Arnaud Pauthier est charg\u00e9 d&rsquo;animation et de m\u00e9diation culturelle au sein de l&rsquo;Atelier-Mus\u00e9e de la Terre \u00e0 Puycheny. Form\u00e9 aux Arts d\u00e9coratifs de Limoges et aux Beaux-Arts de Bordeaux, il est \u00e9galement artiste, peintre et sculpteur. Il met ses comp\u00e9tences artistiques et p\u00e9dagogiques au [&hellip;]<\/p>\n","protected":false},"author":2,"featured_media":2510,"parent":0,"menu_order":0,"comment_status":"closed","ping_status":"closed","template":"","meta":{"_acf_changed":false,"footnotes":""},"class_list":["post-2459","page","type-page","status-publish","has-post-thumbnail","hentry"],"acf":[],"_links":{"self":[{"href":"https:\/\/ateliermuseedelaterre.com\/en\/wp-json\/wp\/v2\/pages\/2459","targetHints":{"allow":["GET"]}}],"collection":[{"href":"https:\/\/ateliermuseedelaterre.com\/en\/wp-json\/wp\/v2\/pages"}],"about":[{"href":"https:\/\/ateliermuseedelaterre.com\/en\/wp-json\/wp\/v2\/types\/page"}],"author":[{"embeddable":true,"href":"https:\/\/ateliermuseedelaterre.com\/en\/wp-json\/wp\/v2\/users\/2"}],"replies":[{"embeddable":true,"href":"https:\/\/ateliermuseedelaterre.com\/en\/wp-json\/wp\/v2\/comments?post=2459"}],"version-history":[{"count":4,"href":"https:\/\/ateliermuseedelaterre.com\/en\/wp-json\/wp\/v2\/pages\/2459\/revisions"}],"predecessor-version":[{"id":2637,"href":"https:\/\/ateliermuseedelaterre.com\/en\/wp-json\/wp\/v2\/pages\/2459\/revisions\/2637"}],"wp:featuredmedia":[{"embeddable":true,"href":"https:\/\/ateliermuseedelaterre.com\/en\/wp-json\/wp\/v2\/media\/2510"}],"wp:attachment":[{"href":"https:\/\/ateliermuseedelaterre.com\/en\/wp-json\/wp\/v2\/media?parent=2459"}],"curies":[{"name":"wp","href":"https:\/\/api.w.org\/{rel}","templated":true}]}}

<h2 class="wp-block-heading">Arnaud Pauthier</h2>



<p class="wp-block-paragraph">Médiateur culturel à l&rsquo;Atelier &#8211; Musée de la Terre</p>



<p class="wp-block-paragraph"><strong>Arnaud Pauthier</strong> est chargé d&rsquo;animation et de médiation culturelle au sein de l&rsquo;Atelier-Musée de la Terre à Puycheny.<sup></sup></p>



<p class="wp-block-paragraph">Formé aux Arts décoratifs de Limoges et aux Beaux-Arts de Bordeaux, il est également artiste, peintre et sculpteur.<sup></sup></p>



<p class="wp-block-paragraph">Il met ses compétences artistiques et pédagogiques au service de la valorisation du patrimoine tuilier et de l&rsquo;argile locale.<sup></sup></p>



<p class="wp-block-paragraph">Son rôle consiste notamment à animer le site, encadrer des ateliers et transmettre les savoir-faire traditionnels aux visiteurs.<sup></sup></p>



<h2 class="wp-block-heading">Stéphanie Collardeau</h2>



<p class="wp-block-paragraph">Secrétaire-comptable-Accueil</p>



<p class="wp-block-paragraph"><strong>Stéphanie Collardeau</strong> est membre de l&rsquo;équipe de l&rsquo;Atelier-Musée de la Terre à Puycheny.<sup></sup></p>



<p class="wp-block-paragraph">Elle y exerce les fonctions de <strong>gestionnaire administrative et financière</strong>, tout en assurant la partie secrétariat.<sup></sup></p>



<p class="wp-block-paragraph">Son travail au quotidien contribue au bon fonctionnement et à la gestion de cette structure dédiée au patrimoine tuilier.<sup></sup></p>



<p class="wp-block-paragraph"></p>

<p>Arnaud Pauthier Médiateur culturel à l&rsquo;Atelier &#8211; Musée de la Terre Arnaud Pauthier est chargé d&rsquo;animation et de médiation culturelle au sein de l&rsquo;Atelier-Musée de la Terre à Puycheny. Formé aux Arts décoratifs de Limoges et aux Beaux-Arts de Bordeaux, il est également artiste, peintre et sculpteur. Il met ses compétences artistiques et pédagogiques au [&hellip;]</p>
