{"id":2228,"date":"2026-04-29T06:53:10","date_gmt":"2026-04-29T06:53:10","guid":{"rendered":"https:\/\/amtpuyk.cluster030.hosting.ovh.net\/?page_id=2228"},"modified":"2026-08-25T13:49:31","modified_gmt":"2026-08-25T13:49:31","slug":"ils-nous-soutiennent","status":"publish","type":"page","link":"https:\/\/ateliermuseedelaterre.com\/en\/ils-nous-soutiennent\/","title":{"rendered":"Our partners"},"content":{"rendered":"<h3 class=\"wp-block-heading\">Our financial partners<\/h3>\n\n\n\n<p class=\"wp-block-paragraph translation-block\">The vitality of the Atelier Mus\u00e9e de la Terre and the long-term sustainability of our work would not be possible without the commitment of our <strong>institutional and private partners<\/strong>.<\/p>\n\n\n\n<p class=\"wp-block-paragraph\">Thanks to their trust and financial support, we are able to carry out our heritage conservation work, develop new cultural projects and welcome an ever-growing number of visitors each year. We would like to extend our warmest thanks to these dedicated partners who work alongside us to promote Puycheny\u2019s expertise and the identity of our region.<\/p>\n\n\n\n<h3 class=\"wp-block-heading\">They support our projects:<\/h3>\n\n\n\n<ul class=\"wp-block-list\">\n<li class=\"translation-block\"><strong>Public institutions:<\/strong> (the State, the Nouvelle-Aquitaine region, the Haute-Vienne department, the Community of Communes, etc.) for their structural support.<\/li>\n\n\n\n<li class=\"translation-block\"><strong>Heritage conservation organisations:<\/strong> (Fondation du Patrimoine, etc.) for their invaluable assistance with the restoration of the site.<\/li>\n\n\n\n<li class=\"translation-block\"><strong>Our private partners:<\/strong> Local businesses and patrons who believe in the strength of our craftsmanship.<\/li>\n<\/ul>\n\n\n\n<hr class=\"wp-block-separator has-alpha-channel-opacity\"\/>\n\n\n\n<blockquote class=\"wp-block-quote has-border-color has-custom-color-2-border-color is-layout-flow wp-block-quote-is-layout-flow\" style=\"border-width:12px\">\n<p class=\"wp-block-paragraph translation-block\"><strong>A shared project:<\/strong> The support of our partners is the foundation upon which we are building the future of this unique place. Thank you for helping to make clay a link between the past and the future.<\/p>\n<\/blockquote>\n\n\n<div class=\"grille-reseau\"><div class=\"reseau-card\"><div class=\"reseau-image\"><img decoding=\"async\" src=\"https:\/\/ateliermuseedelaterre.com\/wp-content\/uploads\/2026\/06\/LOGO_RNA_RVB_ROUGE.jpg\" alt=\"Conseil r\u00e9gional de la Nouvelle-Aquitaine\"><\/div><div class=\"reseau-content\"><h3 class=\"reseau-nom\">Conseil r\u00e9gional de la Nouvelle-Aquitaine<\/h3><a class=\"reseau-lien\" href=\"https:\/\/www.nouvelle-aquitaine.fr\/\" target=\"_blank\" rel=\"noopener\">Voir le site<\/a><\/div><\/div><\/div>\n\n\n\n<div class=\"wp-block-group is-nowrap is-layout-flex wp-container-core-group-is-layout-8d39b2df wp-block-group-is-layout-flex\">\n<div class=\"wp-block-columns is-layout-flex wp-container-core-columns-is-layout-8d39b2df wp-block-columns-is-layout-flex\">\n<div class=\"wp-block-column is-layout-flow wp-block-column-is-layout-flow\" style=\"flex-basis:100%\">\n<figure class=\"wp-block-gallery has-nested-images columns-default is-cropped wp-block-gallery-1 is-layout-flex wp-block-gallery-is-layout-flex\">\n<figure class=\"wp-block-image size-full\"><img decoding=\"async\" width=\"225\" height=\"122\" data-id=\"153\" src=\"https:\/\/amtpuyk.cluster030.hosting.ovh.net\/wp-content\/uploads\/2026\/03\/nexon.png\" alt=\"Logo Communaut\u00e9 de Communes Pays de Nexon Monts de Ch\u00e2lus\" class=\"wp-image-153\"\/><figcaption class=\"wp-element-caption\">Logo Communaut\u00e9 de Communes Pays de Nexon Monts de Ch\u00e2lus<\/figcaption><\/figure>\n<\/figure>\n<\/div>\n<\/div>\n\n\n\n<figure class=\"wp-block-image size-full\"><img decoding=\"async\" width=\"148\" height=\"167\" src=\"https:\/\/amtpuyk.cluster030.hosting.ovh.net\/wp-content\/uploads\/2026\/03\/haute-vienne-departement.png\" alt=\"Logo D\u00e9partement Haute-Vienne\" class=\"wp-image-141\"\/><\/figure>\n\n\n\n<figure class=\"wp-block-image size-thumbnail\"><img decoding=\"async\" width=\"150\" height=\"150\" src=\"https:\/\/amtpuyk.cluster030.hosting.ovh.net\/wp-content\/uploads\/2026\/05\/logo-OT-Institu-13c40bd1-150x150.png\" alt=\"\" class=\"wp-image-2397\"\/><\/figure>\n<\/div>\n\n\n\n<div class=\"wp-block-columns is-layout-flex wp-container-core-columns-is-layout-8d39b2df wp-block-columns-is-layout-flex\">\n<div class=\"wp-block-column is-layout-flow wp-block-column-is-layout-flow\" style=\"flex-basis:100%\"><\/div>\n<\/div>\n\n\n\n<h3 class=\"wp-block-heading\">Nos partenaires institutionnels<\/h3>\n\n\n\n<div class=\"wp-block-columns is-layout-flex wp-container-core-columns-is-layout-8d39b2df wp-block-columns-is-layout-flex\">\n<div class=\"wp-block-column is-layout-flow wp-block-column-is-layout-flow\">\n<figure class=\"wp-block-gallery has-nested-images columns-default is-cropped wp-block-gallery-2 is-layout-flex wp-block-gallery-is-layout-flex\">\n<figure class=\"wp-block-image size-full\"><img decoding=\"async\" width=\"710\" height=\"800\" data-id=\"189\" src=\"https:\/\/amtpuyk.cluster030.hosting.ovh.net\/wp-content\/uploads\/2026\/03\/1-pnr-occ-quadri.jpg\" alt=\"Logo PNR\" class=\"wp-image-189\" srcset=\"https:\/\/ateliermuseedelaterre.com\/wp-content\/uploads\/2026\/03\/1-pnr-occ-quadri.jpg 710w, https:\/\/ateliermuseedelaterre.com\/wp-content\/uploads\/2026\/03\/1-pnr-occ-quadri-266x300.jpg 266w\" sizes=\"(max-width: 710px) 100vw, 710px\" \/><\/figure>\n<\/figure>\n<\/div>\n\n\n\n<div class=\"wp-block-column is-layout-flow wp-block-column-is-layout-flow\">\n<figure class=\"wp-block-image size-full\"><img decoding=\"async\" width=\"303\" height=\"93\" src=\"https:\/\/amtpuyk.cluster030.hosting.ovh.net\/wp-content\/uploads\/2026\/03\/conservatoir-limousin.png\" alt=\"Conservatoire d'espaces naturels Limousin\" class=\"wp-image-130\" srcset=\"https:\/\/ateliermuseedelaterre.com\/wp-content\/uploads\/2026\/03\/conservatoir-limousin.png 303w, https:\/\/ateliermuseedelaterre.com\/wp-content\/uploads\/2026\/03\/conservatoir-limousin-300x92.png 300w\" sizes=\"(max-width: 303px) 100vw, 303px\" \/><\/figure>\n<\/div>\n\n\n\n<div class=\"wp-block-column is-layout-flow wp-block-column-is-layout-flow\">\n<figure class=\"wp-block-image size-full\"><img decoding=\"async\" width=\"349\" height=\"270\" src=\"https:\/\/amtpuyk.cluster030.hosting.ovh.net\/wp-content\/uploads\/2026\/03\/chalus-tourisme.png\" alt=\"Logo Office du Tourisme - Pays de Nexon Monts de Ch\u00e2lus\" class=\"wp-image-129\" srcset=\"https:\/\/ateliermuseedelaterre.com\/wp-content\/uploads\/2026\/03\/chalus-tourisme.png 349w, https:\/\/ateliermuseedelaterre.com\/wp-content\/uploads\/2026\/03\/chalus-tourisme-300x232.png 300w\" sizes=\"(max-width: 349px) 100vw, 349px\" \/><\/figure>\n<\/div>\n<\/div>\n\n\n\n<div class=\"wp-block-group is-nowrap is-layout-flex wp-container-core-group-is-layout-8d39b2df wp-block-group-is-layout-flex\">\n<figure class=\"wp-block-image size-full\"><img decoding=\"async\" width=\"300\" height=\"212\" src=\"https:\/\/amtpuyk.cluster030.hosting.ovh.net\/wp-content\/uploads\/2026\/03\/LACHATAIGN-quadri-300x212-1.jpg\" alt=\"Logo Chataigneraie\" class=\"wp-image-111\"\/><\/figure>\n\n\n\n<figure class=\"wp-block-image size-thumbnail\"><img decoding=\"async\" width=\"150\" height=\"150\" src=\"https:\/\/amtpuyk.cluster030.hosting.ovh.net\/wp-content\/uploads\/2026\/03\/Marqueur-C11-150x150.png\" alt=\"\" class=\"wp-image-99\" srcset=\"https:\/\/ateliermuseedelaterre.com\/wp-content\/uploads\/2026\/03\/Marqueur-C11-150x150.png 150w, https:\/\/ateliermuseedelaterre.com\/wp-content\/uploads\/2026\/03\/Marqueur-C11-300x300.png 300w, https:\/\/ateliermuseedelaterre.com\/wp-content\/uploads\/2026\/03\/Marqueur-C11-1024x1024.png 1024w, https:\/\/ateliermuseedelaterre.com\/wp-content\/uploads\/2026\/03\/Marqueur-C11-768x768.png 768w, https:\/\/ateliermuseedelaterre.com\/wp-content\/uploads\/2026\/03\/Marqueur-C11.png 1064w\" sizes=\"(max-width: 150px) 100vw, 150px\" \/><\/figure>\n\n\n\n<figure class=\"wp-block-image size-thumbnail\"><img decoding=\"async\" width=\"150\" height=\"150\" src=\"https:\/\/amtpuyk.cluster030.hosting.ovh.net\/wp-content\/uploads\/2026\/03\/nexon-1-150x150.png\" alt=\"\" class=\"wp-image-154\"\/><\/figure>\n<\/div>\n\n\n\n<p class=\"wp-block-paragraph\"><\/p>","protected":false},"excerpt":{"rendered":"<p>Nos partenaires financiers La vitalit\u00e9 de l&rsquo;Atelier Mus\u00e9e de la Terre et la p\u00e9rennit\u00e9 de nos actions ne seraient possibles sans l&rsquo;engagement de nos partenaires institutionnels et priv\u00e9s. Gr\u00e2ce \u00e0 leur confiance et \u00e0 leur soutien financier, nous pouvons mener \u00e0 bien nos missions de conservation du patrimoine, d\u00e9velopper de nouveaux projets culturels et accueillir [&hellip;]<\/p>\n","protected":false},"author":2,"featured_media":0,"parent":0,"menu_order":0,"comment_status":"closed","ping_status":"closed","template":"","meta":{"_acf_changed":false,"footnotes":""},"class_list":["post-2228","page","type-page","status-publish","hentry"],"acf":[],"_links":{"self":[{"href":"https:\/\/ateliermuseedelaterre.com\/en\/wp-json\/wp\/v2\/pages\/2228","targetHints":{"allow":["GET"]}}],"collection":[{"href":"https:\/\/ateliermuseedelaterre.com\/en\/wp-json\/wp\/v2\/pages"}],"about":[{"href":"https:\/\/ateliermuseedelaterre.com\/en\/wp-json\/wp\/v2\/types\/page"}],"author":[{"embeddable":true,"href":"https:\/\/ateliermuseedelaterre.com\/en\/wp-json\/wp\/v2\/users\/2"}],"replies":[{"embeddable":true,"href":"https:\/\/ateliermuseedelaterre.com\/en\/wp-json\/wp\/v2\/comments?post=2228"}],"version-history":[{"count":10,"href":"https:\/\/ateliermuseedelaterre.com\/en\/wp-json\/wp\/v2\/pages\/2228\/revisions"}],"predecessor-version":[{"id":2649,"href":"https:\/\/ateliermuseedelaterre.com\/en\/wp-json\/wp\/v2\/pages\/2228\/revisions\/2649"}],"wp:attachment":[{"href":"https:\/\/ateliermuseedelaterre.com\/en\/wp-json\/wp\/v2\/media?parent=2228"}],"curies":[{"name":"wp","href":"https:\/\/api.w.org\/{rel}","templated":true}]}}

<h3 class="wp-block-heading">Our financial partners</h3>



<p class="wp-block-paragraph translation-block">The vitality of the Atelier Musée de la Terre and the long-term sustainability of our work would not be possible without the commitment of our <strong>institutional and private partners</strong>.</p>



<p class="wp-block-paragraph">Thanks to their trust and financial support, we are able to carry out our heritage conservation work, develop new cultural projects and welcome an ever-growing number of visitors each year. We would like to extend our warmest thanks to these dedicated partners who work alongside us to promote Puycheny’s expertise and the identity of our region.</p>



<h3 class="wp-block-heading">They support our projects:</h3>



<ul class="wp-block-list">
<li class="translation-block"><strong>Public institutions:</strong> (the State, the Nouvelle-Aquitaine region, the Haute-Vienne department, the Community of Communes, etc.) for their structural support.</li>



<li class="translation-block"><strong>Heritage conservation organisations:</strong> (Fondation du Patrimoine, etc.) for their invaluable assistance with the restoration of the site.</li>



<li class="translation-block"><strong>Our private partners:</strong> Local businesses and patrons who believe in the strength of our craftsmanship.</li>
</ul>



<hr class="wp-block-separator has-alpha-channel-opacity"/>



<blockquote class="wp-block-quote has-border-color has-custom-color-2-border-color is-layout-flow wp-block-quote-is-layout-flow" style="border-width:12px">
<p class="wp-block-paragraph translation-block"><strong>A shared project:</strong> The support of our partners is the foundation upon which we are building the future of this unique place. Thank you for helping to make clay a link between the past and the future.</p>
</blockquote>


<div class="grille-reseau"><div class="reseau-card"><div class="reseau-image"><img decoding="async" src="https://ateliermuseedelaterre.com/wp-content/uploads/2026/06/LOGO_RNA_RVB_ROUGE.jpg" alt="Conseil régional de la Nouvelle-Aquitaine"></div><div class="reseau-content"><h3 class="reseau-nom">Conseil régional de la Nouvelle-Aquitaine</h3><a class="reseau-lien" href="https://www.nouvelle-aquitaine.fr/" target="_blank" rel="noopener">Voir le site</a></div></div></div>



<div class="wp-block-group is-nowrap is-layout-flex wp-container-core-group-is-layout-8d39b2df wp-block-group-is-layout-flex">
<div class="wp-block-columns is-layout-flex wp-container-core-columns-is-layout-8d39b2df wp-block-columns-is-layout-flex">
<div class="wp-block-column is-layout-flow wp-block-column-is-layout-flow" style="flex-basis:100%">
<figure class="wp-block-gallery has-nested-images columns-default is-cropped wp-block-gallery-1 is-layout-flex wp-block-gallery-is-layout-flex">
<figure class="wp-block-image size-full"><img decoding="async" width="225" height="122" data-id="153" src="https://amtpuyk.cluster030.hosting.ovh.net/wp-content/uploads/2026/03/nexon.png" alt="Logo Communauté de Communes Pays de Nexon Monts de Châlus" class="wp-image-153"/><figcaption class="wp-element-caption">Logo Communauté de Communes Pays de Nexon Monts de Châlus</figcaption></figure>
</figure>
</div>
</div>



<figure class="wp-block-image size-full"><img decoding="async" width="148" height="167" src="https://amtpuyk.cluster030.hosting.ovh.net/wp-content/uploads/2026/03/haute-vienne-departement.png" alt="Logo Département Haute-Vienne" class="wp-image-141"/></figure>



<figure class="wp-block-image size-thumbnail"><img decoding="async" width="150" height="150" src="https://amtpuyk.cluster030.hosting.ovh.net/wp-content/uploads/2026/05/logo-OT-Institu-13c40bd1-150x150.png" alt="" class="wp-image-2397"/></figure>
</div>



<div class="wp-block-columns is-layout-flex wp-container-core-columns-is-layout-8d39b2df wp-block-columns-is-layout-flex">
<div class="wp-block-column is-layout-flow wp-block-column-is-layout-flow" style="flex-basis:100%"></div>
</div>



<h3 class="wp-block-heading">Nos partenaires institutionnels</h3>



<div class="wp-block-columns is-layout-flex wp-container-core-columns-is-layout-8d39b2df wp-block-columns-is-layout-flex">
<div class="wp-block-column is-layout-flow wp-block-column-is-layout-flow">
<figure class="wp-block-gallery has-nested-images columns-default is-cropped wp-block-gallery-2 is-layout-flex wp-block-gallery-is-layout-flex">
<figure class="wp-block-image size-full"><img decoding="async" width="710" height="800" data-id="189" src="https://amtpuyk.cluster030.hosting.ovh.net/wp-content/uploads/2026/03/1-pnr-occ-quadri.jpg" alt="Logo PNR" class="wp-image-189" srcset="https://ateliermuseedelaterre.com/wp-content/uploads/2026/03/1-pnr-occ-quadri.jpg 710w, https://ateliermuseedelaterre.com/wp-content/uploads/2026/03/1-pnr-occ-quadri-266x300.jpg 266w" sizes="(max-width: 710px) 100vw, 710px" /></figure>
</figure>
</div>



<div class="wp-block-column is-layout-flow wp-block-column-is-layout-flow">
<figure class="wp-block-image size-full"><img decoding="async" width="303" height="93" src="https://amtpuyk.cluster030.hosting.ovh.net/wp-content/uploads/2026/03/conservatoir-limousin.png" alt="Conservatoire d'espaces naturels Limousin" class="wp-image-130" srcset="https://ateliermuseedelaterre.com/wp-content/uploads/2026/03/conservatoir-limousin.png 303w, https://ateliermuseedelaterre.com/wp-content/uploads/2026/03/conservatoir-limousin-300x92.png 300w" sizes="(max-width: 303px) 100vw, 303px" /></figure>
</div>



<div class="wp-block-column is-layout-flow wp-block-column-is-layout-flow">
<figure class="wp-block-image size-full"><img decoding="async" width="349" height="270" src="https://amtpuyk.cluster030.hosting.ovh.net/wp-content/uploads/2026/03/chalus-tourisme.png" alt="Logo Office du Tourisme - Pays de Nexon Monts de Châlus" class="wp-image-129" srcset="https://ateliermuseedelaterre.com/wp-content/uploads/2026/03/chalus-tourisme.png 349w, https://ateliermuseedelaterre.com/wp-content/uploads/2026/03/chalus-tourisme-300x232.png 300w" sizes="(max-width: 349px) 100vw, 349px" /></figure>
</div>
</div>



<div class="wp-block-group is-nowrap is-layout-flex wp-container-core-group-is-layout-8d39b2df wp-block-group-is-layout-flex">
<figure class="wp-block-image size-full"><img decoding="async" width="300" height="212" src="https://amtpuyk.cluster030.hosting.ovh.net/wp-content/uploads/2026/03/LACHATAIGN-quadri-300x212-1.jpg" alt="Logo Chataigneraie" class="wp-image-111"/></figure>



<figure class="wp-block-image size-thumbnail"><img decoding="async" width="150" height="150" src="https://amtpuyk.cluster030.hosting.ovh.net/wp-content/uploads/2026/03/Marqueur-C11-150x150.png" alt="" class="wp-image-99" srcset="https://ateliermuseedelaterre.com/wp-content/uploads/2026/03/Marqueur-C11-150x150.png 150w, https://ateliermuseedelaterre.com/wp-content/uploads/2026/03/Marqueur-C11-300x300.png 300w, https://ateliermuseedelaterre.com/wp-content/uploads/2026/03/Marqueur-C11-1024x1024.png 1024w, https://ateliermuseedelaterre.com/wp-content/uploads/2026/03/Marqueur-C11-768x768.png 768w, https://ateliermuseedelaterre.com/wp-content/uploads/2026/03/Marqueur-C11.png 1064w" sizes="(max-width: 150px) 100vw, 150px" /></figure>



<figure class="wp-block-image size-thumbnail"><img decoding="async" width="150" height="150" src="https://amtpuyk.cluster030.hosting.ovh.net/wp-content/uploads/2026/03/nexon-1-150x150.png" alt="" class="wp-image-154"/></figure>
</div>



<p class="wp-block-paragraph"></p>

<p>Nos partenaires financiers La vitalité de l&rsquo;Atelier Musée de la Terre et la pérennité de nos actions ne seraient possibles sans l&rsquo;engagement de nos partenaires institutionnels et privés. Grâce à leur confiance et à leur soutien financier, nous pouvons mener à bien nos missions de conservation du patrimoine, développer de nouveaux projets culturels et accueillir [&hellip;]</p>
