{"id":208,"date":"2026-03-26T16:45:45","date_gmt":"2026-03-26T16:45:45","guid":{"rendered":"https:\/\/amtpuyk.cluster030.hosting.ovh.net\/?page_id=208"},"modified":"2026-08-25T09:36:05","modified_gmt":"2026-08-25T09:36:05","slug":"retrospective-des-residences-passees","status":"publish","type":"page","link":"https:\/\/ateliermuseedelaterre.com\/en\/retrospective-des-residences-passees\/","title":{"rendered":"Retrospective of past residences"},"content":{"rendered":"<h2 class=\"wp-block-heading\">First cultural mediation residency with the \u201cLes R\u00e9fractaires\u201d association.<\/h2>\n\n\n\n<div class=\"wp-block-media-text is-stacked-on-mobile\" style=\"grid-template-columns:32% auto\"><figure class=\"wp-block-media-text__media\"><img decoding=\"async\" width=\"762\" height=\"1024\" src=\"https:\/\/amtpuyk.cluster030.hosting.ovh.net\/wp-content\/uploads\/2026\/03\/Residence-2-min-762x1024.jpg\" alt=\"\" class=\"wp-image-164 size-full\" srcset=\"https:\/\/ateliermuseedelaterre.com\/wp-content\/uploads\/2026\/03\/Residence-2-min-762x1024.jpg 762w, https:\/\/ateliermuseedelaterre.com\/wp-content\/uploads\/2026\/03\/Residence-2-min-223x300.jpg 223w, https:\/\/ateliermuseedelaterre.com\/wp-content\/uploads\/2026\/03\/Residence-2-min-768x1032.jpg 768w, https:\/\/ateliermuseedelaterre.com\/wp-content\/uploads\/2026\/03\/Residence-2-min-1143x1536.jpg 1143w, https:\/\/ateliermuseedelaterre.com\/wp-content\/uploads\/2026\/03\/Residence-2-min.jpg 1152w\" sizes=\"(max-width: 762px) 100vw, 762px\" \/><\/figure><div class=\"wp-block-media-text__content\">\n<p class=\"wp-block-paragraph\">7 weeks between May and July 2021<\/p>\n\n\n\n<p class=\"wp-block-paragraph\">As part of this residency, ceramic and visual artists from the \u201cLes R\u00e9fractaires\u201d association (Haute-Vienne, 87) developed a project to create collaborative artworks with a wide range of participants, inspired by the theme of the Festival of Fire Arts: Alchemy, the Magic of Fire.<\/p>\n<\/div><\/div>\n\n\n\n<div class=\"wp-block-group has-global-padding is-layout-constrained wp-block-group-is-layout-constrained\">\n<p class=\"wp-block-paragraph\">Les artistes ont propos\u00e9 des m\u00e9diations autour de ce th\u00e8me \u00e0 9 \u00e9tablissements scolaires de Haute-Vienne, de la petite section au CM2, en tout 323 \u00e9l\u00e8ves ont pu participer \u00e0 cette r\u00e9sidence. En plus des \u00e9coles, 4 groupes de l\u2019IME de St-Junien, le Ram de Janailhac, des habitants du territoire et des touristes ont pris \u00e9galement part au projet. En tout, ce sont 628 personnes qui ont particip\u00e9 \u00e0 cette r\u00e9sidence de m\u00e9diation\/cr\u00e9ation. Les artistes ont accompagn\u00e9 les participants sur la cr\u00e9ation d\u2019un four dragon et d\u2019un four bouteilles en utilisant la terre de Puycheny. Elles ont \u00e9galement anim\u00e9 des m\u00e9diations autour de l\u2019empreinte et de la planche \u00e0 barbotine en verticale.<\/p>\n\n\n\n<p class=\"wp-block-paragraph\">The main objectives of this residency were to bring together diverse audiences from the same area around a shared creative project combining Art, Culture and Heritage, and to create an artistic event that would serve as a common thread throughout the activities offered from spring until the end of the residency.<\/p>\n\n\n\n<div class=\"wp-block-group has-global-padding is-layout-constrained wp-block-group-is-layout-constrained\">\n<p class=\"wp-block-paragraph\">On 24 and 25 July 2021, the residency culminated in a public event: two afternoons open to all. The programme included the firing of the dragon and bottle kilns, a free clay modelling workshop open to everyone, screenings of videos created by the artists under the drying sheds, an exhibition of the pieces produced throughout the residency, and guided tours of the former Aupeix tile works.<\/p>\n\n\n\n<p class=\"wp-block-paragraph\">A total of 250 people visited the site during these two afternoons.<\/p>\n<\/div>\n<\/div>\n\n\n\n<h2 class=\"wp-block-heading\">Artist Residency \u2013 Mathilde Sauce<\/h2>\n\n\n\n<div class=\"wp-block-media-text has-media-on-the-right is-stacked-on-mobile\"><div class=\"wp-block-media-text__content\">\n<p class=\"wp-block-paragraph\">October 4 - 22, 2021<\/p>\n\n\n\n<p class=\"wp-block-paragraph\">As part of this residency, Mathilde SAUCE created sculptures and roof finials in a range of scales, with organic and lively forms, using Puycheny clay and clay collected directly from the heathland to achieve a variety of colours and textures. Her aim was to create an installation in which the individual pieces would interact and engage in a dialogue with one another.<\/p>\n<\/div><figure class=\"wp-block-media-text__media\"><img decoding=\"async\" width=\"1024\" height=\"575\" src=\"https:\/\/amtpuyk.cluster030.hosting.ovh.net\/wp-content\/uploads\/2026\/03\/mathilde-sauce-6-min-1024x575.jpg\" alt=\"\" class=\"wp-image-151 size-full\" srcset=\"https:\/\/ateliermuseedelaterre.com\/wp-content\/uploads\/2026\/03\/mathilde-sauce-6-min-1024x575.jpg 1024w, https:\/\/ateliermuseedelaterre.com\/wp-content\/uploads\/2026\/03\/mathilde-sauce-6-min-300x169.jpg 300w, https:\/\/ateliermuseedelaterre.com\/wp-content\/uploads\/2026\/03\/mathilde-sauce-6-min-768x432.jpg 768w, https:\/\/ateliermuseedelaterre.com\/wp-content\/uploads\/2026\/03\/mathilde-sauce-6-min-1536x863.jpg 1536w, https:\/\/ateliermuseedelaterre.com\/wp-content\/uploads\/2026\/03\/mathilde-sauce-6-min-2048x1151.jpg 2048w\" sizes=\"(max-width: 1024px) 100vw, 1024px\" \/><\/figure><\/div>\n\n\n\n<div class=\"wp-block-media-text is-stacked-on-mobile\"><figure class=\"wp-block-media-text__media\"><img decoding=\"async\" width=\"1024\" height=\"575\" src=\"https:\/\/amtpuyk.cluster030.hosting.ovh.net\/wp-content\/uploads\/2026\/03\/mathilde-sauce-4-min-1024x575.jpg\" alt=\"\" class=\"wp-image-150 size-full\" srcset=\"https:\/\/ateliermuseedelaterre.com\/wp-content\/uploads\/2026\/03\/mathilde-sauce-4-min-1024x575.jpg 1024w, https:\/\/ateliermuseedelaterre.com\/wp-content\/uploads\/2026\/03\/mathilde-sauce-4-min-300x169.jpg 300w, https:\/\/ateliermuseedelaterre.com\/wp-content\/uploads\/2026\/03\/mathilde-sauce-4-min-768x432.jpg 768w, https:\/\/ateliermuseedelaterre.com\/wp-content\/uploads\/2026\/03\/mathilde-sauce-4-min-1536x863.jpg 1536w, https:\/\/ateliermuseedelaterre.com\/wp-content\/uploads\/2026\/03\/mathilde-sauce-4-min-2048x1151.jpg 2048w\" sizes=\"(max-width: 1024px) 100vw, 1024px\" \/><\/figure><div class=\"wp-block-media-text__content\">\n<p class=\"wp-block-paragraph\">She offered five artistic workshops at the Atelier-Mus\u00e9e de la Terre, including self-portrait and abstract sculpture, decorative work using three different coloured clays, exquisite corpse sculpture, and collaborative sculpture created by several participants.<\/p>\n\n\n\n<p class=\"wp-block-paragraph\">A residency closing event took place on Wednesday 20 October 2021. The artist presented her three \u201cgiant\u201d roof finials, which were still drying, and explained her creative process and her experience of working at the Puycheny site.<\/p>\n<\/div><\/div>\n\n\n\n<h2 class=\"wp-block-heading\">Artist residency \u2013 Kristina Depaulis<\/h2>\n\n\n\n<div class=\"wp-block-media-text is-stacked-on-mobile\" style=\"grid-template-columns:37% auto\"><figure class=\"wp-block-media-text__media\"><img decoding=\"async\" width=\"768\" height=\"1024\" src=\"https:\/\/amtpuyk.cluster030.hosting.ovh.net\/wp-content\/uploads\/2026\/03\/IMG_20230206_124058070-768x1024.jpg\" alt=\"\" class=\"wp-image-215 size-full\" srcset=\"https:\/\/ateliermuseedelaterre.com\/wp-content\/uploads\/2026\/03\/IMG_20230206_124058070-768x1024.jpg 768w, https:\/\/ateliermuseedelaterre.com\/wp-content\/uploads\/2026\/03\/IMG_20230206_124058070-225x300.jpg 225w, https:\/\/ateliermuseedelaterre.com\/wp-content\/uploads\/2026\/03\/IMG_20230206_124058070-1152x1536.jpg 1152w, https:\/\/ateliermuseedelaterre.com\/wp-content\/uploads\/2026\/03\/IMG_20230206_124058070-1536x2048.jpg 1536w, https:\/\/ateliermuseedelaterre.com\/wp-content\/uploads\/2026\/03\/IMG_20230206_124058070-scaled.jpg 1920w\" sizes=\"(max-width: 768px) 100vw, 768px\" \/><\/figure><div class=\"wp-block-media-text__content\">\n<h5 class=\"wp-block-heading\">February 6 -7, 2023<\/h5>\n\n\n\n<p class=\"wp-block-paragraph\">Au cours de son p\u00e9riple, l\u2019artiste Kristina Depaulis a d\u00e9pos\u00e9 son LABOMORPHE, remorque tir\u00e9e \u00e0 v\u00e9lo, sur plusieurs sites du territoire. Elle est arriv\u00e9e une premi\u00e8re fois en f\u00e9vrier 2023 \u00e0 l\u2019Atelier-Mus\u00e9e de la Terre pour y d\u00e9poser ses valises et sa remorque pendant deux jours. Nous avons travaill\u00e9 avec elle sur le visage, les empreintes, le modelage du corps et nous avons invit\u00e9 les visiteurs \u00e0 prendre part \u00e0 cette aventure argilo-po\u00e9tico-artistique !\u00a0<\/p>\n<\/div><\/div>\n\n\n\n<p class=\"wp-block-paragraph\">Her \u201cmobile sculpture studio\u201d, set up in the workshop, offered a new perspective on working with Puycheny clay. It preserves traces of each stage of her journey, which continue to enrich and transform her LABOMORPHE.&nbsp;<\/p>\n\n\n\n<p class=\"wp-block-paragraph\">For now, she continues her journey to other locations, and Kristina Depaulis will return to our site in the spring with a LABOMORPHE that has been completely transformed through her travels!&nbsp;<\/p>\n\n\n\n<p class=\"wp-block-paragraph\">To be continued...&nbsp;<\/p>","protected":false},"excerpt":{"rendered":"<p>Premi\u00e8re r\u00e9sidence de m\u00e9diation avec l\u2019association \u00ab Les R\u00e9fractaires \u00bb 7 semaines entre mai et juillet 2021 Dans le cadre de cette r\u00e9sidence, des artistes c\u00e9ramistes et plasticiennes de l\u2019association \u00ab R\u00e9fractaires \u00bb (87) ont \u00e9t\u00e9 amen\u00e9es \u00e0 concevoir un projet visant \u00e0 cr\u00e9er des \u0153uvres collectives avec des publics vari\u00e9s, en lien avec le [&hellip;]<\/p>\n","protected":false},"author":2,"featured_media":159,"parent":0,"menu_order":0,"comment_status":"closed","ping_status":"closed","template":"","meta":{"_acf_changed":false,"footnotes":""},"class_list":["post-208","page","type-page","status-publish","has-post-thumbnail","hentry"],"acf":[],"_links":{"self":[{"href":"https:\/\/ateliermuseedelaterre.com\/en\/wp-json\/wp\/v2\/pages\/208","targetHints":{"allow":["GET"]}}],"collection":[{"href":"https:\/\/ateliermuseedelaterre.com\/en\/wp-json\/wp\/v2\/pages"}],"about":[{"href":"https:\/\/ateliermuseedelaterre.com\/en\/wp-json\/wp\/v2\/types\/page"}],"author":[{"embeddable":true,"href":"https:\/\/ateliermuseedelaterre.com\/en\/wp-json\/wp\/v2\/users\/2"}],"replies":[{"embeddable":true,"href":"https:\/\/ateliermuseedelaterre.com\/en\/wp-json\/wp\/v2\/comments?post=208"}],"version-history":[{"count":4,"href":"https:\/\/ateliermuseedelaterre.com\/en\/wp-json\/wp\/v2\/pages\/208\/revisions"}],"predecessor-version":[{"id":2631,"href":"https:\/\/ateliermuseedelaterre.com\/en\/wp-json\/wp\/v2\/pages\/208\/revisions\/2631"}],"wp:featuredmedia":[{"embeddable":true,"href":"https:\/\/ateliermuseedelaterre.com\/en\/wp-json\/wp\/v2\/media\/159"}],"wp:attachment":[{"href":"https:\/\/ateliermuseedelaterre.com\/en\/wp-json\/wp\/v2\/media?parent=208"}],"curies":[{"name":"wp","href":"https:\/\/api.w.org\/{rel}","templated":true}]}}

<h2 class="wp-block-heading">First cultural mediation residency with the “Les Réfractaires” association.</h2>



<div class="wp-block-media-text is-stacked-on-mobile" style="grid-template-columns:32% auto"><figure class="wp-block-media-text__media"><img decoding="async" width="762" height="1024" src="https://amtpuyk.cluster030.hosting.ovh.net/wp-content/uploads/2026/03/Residence-2-min-762x1024.jpg" alt="" class="wp-image-164 size-full" srcset="https://ateliermuseedelaterre.com/wp-content/uploads/2026/03/Residence-2-min-762x1024.jpg 762w, https://ateliermuseedelaterre.com/wp-content/uploads/2026/03/Residence-2-min-223x300.jpg 223w, https://ateliermuseedelaterre.com/wp-content/uploads/2026/03/Residence-2-min-768x1032.jpg 768w, https://ateliermuseedelaterre.com/wp-content/uploads/2026/03/Residence-2-min-1143x1536.jpg 1143w, https://ateliermuseedelaterre.com/wp-content/uploads/2026/03/Residence-2-min.jpg 1152w" sizes="(max-width: 762px) 100vw, 762px" /></figure><div class="wp-block-media-text__content">
<p class="wp-block-paragraph">7 weeks between May and July 2021</p>



<p class="wp-block-paragraph">As part of this residency, ceramic and visual artists from the “Les Réfractaires” association (Haute-Vienne, 87) developed a project to create collaborative artworks with a wide range of participants, inspired by the theme of the Festival of Fire Arts: Alchemy, the Magic of Fire.</p>
</div></div>



<div class="wp-block-group has-global-padding is-layout-constrained wp-block-group-is-layout-constrained">
<p class="wp-block-paragraph">Les artistes ont proposé des médiations autour de ce thème à 9 établissements scolaires de Haute-Vienne, de la petite section au CM2, en tout 323 élèves ont pu participer à cette résidence. En plus des écoles, 4 groupes de l’IME de St-Junien, le Ram de Janailhac, des habitants du territoire et des touristes ont pris également part au projet. En tout, ce sont 628 personnes qui ont participé à cette résidence de médiation/création. Les artistes ont accompagné les participants sur la création d’un four dragon et d’un four bouteilles en utilisant la terre de Puycheny. Elles ont également animé des médiations autour de l’empreinte et de la planche à barbotine en verticale.</p>



<p class="wp-block-paragraph">The main objectives of this residency were to bring together diverse audiences from the same area around a shared creative project combining Art, Culture and Heritage, and to create an artistic event that would serve as a common thread throughout the activities offered from spring until the end of the residency.</p>



<div class="wp-block-group has-global-padding is-layout-constrained wp-block-group-is-layout-constrained">
<p class="wp-block-paragraph">On 24 and 25 July 2021, the residency culminated in a public event: two afternoons open to all. The programme included the firing of the dragon and bottle kilns, a free clay modelling workshop open to everyone, screenings of videos created by the artists under the drying sheds, an exhibition of the pieces produced throughout the residency, and guided tours of the former Aupeix tile works.</p>



<p class="wp-block-paragraph">A total of 250 people visited the site during these two afternoons.</p>
</div>
</div>



<h2 class="wp-block-heading">Artist Residency – Mathilde Sauce</h2>



<div class="wp-block-media-text has-media-on-the-right is-stacked-on-mobile"><div class="wp-block-media-text__content">
<p class="wp-block-paragraph">October 4 - 22, 2021</p>



<p class="wp-block-paragraph">As part of this residency, Mathilde SAUCE created sculptures and roof finials in a range of scales, with organic and lively forms, using Puycheny clay and clay collected directly from the heathland to achieve a variety of colours and textures. Her aim was to create an installation in which the individual pieces would interact and engage in a dialogue with one another.</p>
</div><figure class="wp-block-media-text__media"><img decoding="async" width="1024" height="575" src="https://amtpuyk.cluster030.hosting.ovh.net/wp-content/uploads/2026/03/mathilde-sauce-6-min-1024x575.jpg" alt="" class="wp-image-151 size-full" srcset="https://ateliermuseedelaterre.com/wp-content/uploads/2026/03/mathilde-sauce-6-min-1024x575.jpg 1024w, https://ateliermuseedelaterre.com/wp-content/uploads/2026/03/mathilde-sauce-6-min-300x169.jpg 300w, https://ateliermuseedelaterre.com/wp-content/uploads/2026/03/mathilde-sauce-6-min-768x432.jpg 768w, https://ateliermuseedelaterre.com/wp-content/uploads/2026/03/mathilde-sauce-6-min-1536x863.jpg 1536w, https://ateliermuseedelaterre.com/wp-content/uploads/2026/03/mathilde-sauce-6-min-2048x1151.jpg 2048w" sizes="(max-width: 1024px) 100vw, 1024px" /></figure></div>



<div class="wp-block-media-text is-stacked-on-mobile"><figure class="wp-block-media-text__media"><img decoding="async" width="1024" height="575" src="https://amtpuyk.cluster030.hosting.ovh.net/wp-content/uploads/2026/03/mathilde-sauce-4-min-1024x575.jpg" alt="" class="wp-image-150 size-full" srcset="https://ateliermuseedelaterre.com/wp-content/uploads/2026/03/mathilde-sauce-4-min-1024x575.jpg 1024w, https://ateliermuseedelaterre.com/wp-content/uploads/2026/03/mathilde-sauce-4-min-300x169.jpg 300w, https://ateliermuseedelaterre.com/wp-content/uploads/2026/03/mathilde-sauce-4-min-768x432.jpg 768w, https://ateliermuseedelaterre.com/wp-content/uploads/2026/03/mathilde-sauce-4-min-1536x863.jpg 1536w, https://ateliermuseedelaterre.com/wp-content/uploads/2026/03/mathilde-sauce-4-min-2048x1151.jpg 2048w" sizes="(max-width: 1024px) 100vw, 1024px" /></figure><div class="wp-block-media-text__content">
<p class="wp-block-paragraph">She offered five artistic workshops at the Atelier-Musée de la Terre, including self-portrait and abstract sculpture, decorative work using three different coloured clays, exquisite corpse sculpture, and collaborative sculpture created by several participants.</p>



<p class="wp-block-paragraph">A residency closing event took place on Wednesday 20 October 2021. The artist presented her three “giant” roof finials, which were still drying, and explained her creative process and her experience of working at the Puycheny site.</p>
</div></div>



<h2 class="wp-block-heading">Artist residency – Kristina Depaulis</h2>



<div class="wp-block-media-text is-stacked-on-mobile" style="grid-template-columns:37% auto"><figure class="wp-block-media-text__media"><img decoding="async" width="768" height="1024" src="https://amtpuyk.cluster030.hosting.ovh.net/wp-content/uploads/2026/03/IMG_20230206_124058070-768x1024.jpg" alt="" class="wp-image-215 size-full" srcset="https://ateliermuseedelaterre.com/wp-content/uploads/2026/03/IMG_20230206_124058070-768x1024.jpg 768w, https://ateliermuseedelaterre.com/wp-content/uploads/2026/03/IMG_20230206_124058070-225x300.jpg 225w, https://ateliermuseedelaterre.com/wp-content/uploads/2026/03/IMG_20230206_124058070-1152x1536.jpg 1152w, https://ateliermuseedelaterre.com/wp-content/uploads/2026/03/IMG_20230206_124058070-1536x2048.jpg 1536w, https://ateliermuseedelaterre.com/wp-content/uploads/2026/03/IMG_20230206_124058070-scaled.jpg 1920w" sizes="(max-width: 768px) 100vw, 768px" /></figure><div class="wp-block-media-text__content">
<h5 class="wp-block-heading">February 6 -7, 2023</h5>



<p class="wp-block-paragraph">Au cours de son périple, l’artiste Kristina Depaulis a déposé son LABOMORPHE, remorque tirée à vélo, sur plusieurs sites du territoire. Elle est arrivée une première fois en février 2023 à l’Atelier-Musée de la Terre pour y déposer ses valises et sa remorque pendant deux jours. Nous avons travaillé avec elle sur le visage, les empreintes, le modelage du corps et nous avons invité les visiteurs à prendre part à cette aventure argilo-poético-artistique ! </p>
</div></div>



<p class="wp-block-paragraph">Her “mobile sculpture studio”, set up in the workshop, offered a new perspective on working with Puycheny clay. It preserves traces of each stage of her journey, which continue to enrich and transform her LABOMORPHE.&nbsp;</p>



<p class="wp-block-paragraph">For now, she continues her journey to other locations, and Kristina Depaulis will return to our site in the spring with a LABOMORPHE that has been completely transformed through her travels!&nbsp;</p>



<p class="wp-block-paragraph">To be continued...&nbsp;</p>

<p>Première résidence de médiation avec l’association « Les Réfractaires » 7 semaines entre mai et juillet 2021 Dans le cadre de cette résidence, des artistes céramistes et plasticiennes de l’association « Réfractaires » (87) ont été amenées à concevoir un projet visant à créer des œuvres collectives avec des publics variés, en lien avec le [&hellip;]</p>
