{"id":13,"date":"2026-03-13T13:38:55","date_gmt":"2026-03-13T13:38:55","guid":{"rendered":"https:\/\/amtpuyk.cluster030.hosting.ovh.net\/?page_id=13"},"modified":"2026-08-25T09:33:43","modified_gmt":"2026-08-25T09:33:43","slug":"residences-dartistes","status":"publish","type":"page","link":"https:\/\/ateliermuseedelaterre.com\/en\/residences-dartistes\/","title":{"rendered":"Introduction and terms"},"content":{"rendered":"<h2 class=\"wp-block-heading\">Take up a residency at the Atelier Mus\u00e9e de la Terre in Puycheny<\/h2>\n\n\n\n<p class=\"wp-block-paragraph\">We would like to invite our visitors to discover or rediscover the Tuileries de Puycheny site from different angles and perspectives.<\/p>\n\n\n\n<div data-wp-context=\"{ &quot;autoclose&quot;: false, &quot;accordionItems&quot;: [] }\" data-wp-interactive=\"core\/accordion\" role=\"group\" class=\"wp-block-accordion is-layout-flow wp-block-accordion-is-layout-flow\">\n<div data-wp-class--is-open=\"state.isOpen\" data-wp-context=\"{ &quot;id&quot;: &quot;accordion-item-1&quot;, &quot;openByDefault&quot;: false }\" data-wp-init=\"callbacks.initAccordionItems\" data-wp-on-window--hashchange=\"callbacks.hashChange\" class=\"wp-block-accordion-item is-layout-flow wp-block-accordion-item-is-layout-flow\">\n<h3 class=\"wp-block-accordion-heading has-icon has-icon-right\"><button aria-expanded=\"false\" aria-controls=\"accordion-item-1-panel\" data-wp-bind--aria-expanded=\"state.isOpen\" data-wp-on--click=\"actions.toggle\" id=\"accordion-item-1\" type=\"button\" class=\"wp-block-accordion-heading__toggle\"><span class=\"wp-block-accordion-heading__toggle-title\">Objectives<\/span><span class=\"wp-block-accordion-heading__toggle-icon\" aria-hidden=\"true\">+<\/span><\/button><\/h3>\n\n\n\n<div aria-labelledby=\"accordion-item-1\" data-wp-bind--hidden=\"state.isHidden\" data-wp-on--beforematch=\"actions.handleBeforeMatch\" id=\"accordion-item-1-panel\" role=\"region\" class=\"wp-block-accordion-panel is-layout-flow wp-block-accordion-panel-is-layout-flow\">\n<ul class=\"wp-block-list\">\n<li>Permettre \u00e0 des artistes de se nourrir du lieu, cr\u00e9er, s\u2019inspirer, s\u2019impr\u00e9gner afin qu\u2019ils puissent retransmettre leurs exp\u00e9riences au public au travers de diff\u00e9rents supports ou techniques<\/li>\n\n\n\n<li>To enhance the programmes offered by the Mus\u00e9e de la Terre Workshop and to develop its identity and role within the region<\/li>\n\n\n\n<li>Promoting equal access to art and culture for everyone in rural areas<\/li>\n\n\n\n<li>Exploring Puycheny\u2019s heritage of tile-making through new artistic initiatives<\/li>\n\n\n\n<li>Initier, inventer d\u2019autres modes de relation aux habitants et au territoire.<\/li>\n<\/ul>\n<\/div>\n<\/div>\n<\/div>\n\n\n\n<div data-wp-context=\"{ &quot;autoclose&quot;: false, &quot;accordionItems&quot;: [] }\" data-wp-interactive=\"core\/accordion\" role=\"group\" class=\"wp-block-accordion is-layout-flow wp-block-accordion-is-layout-flow\">\n<div data-wp-class--is-open=\"state.isOpen\" data-wp-context=\"{ &quot;id&quot;: &quot;accordion-item-2&quot;, &quot;openByDefault&quot;: false }\" data-wp-init=\"callbacks.initAccordionItems\" data-wp-on-window--hashchange=\"callbacks.hashChange\" class=\"wp-block-accordion-item is-layout-flow wp-block-accordion-item-is-layout-flow\">\n<h3 class=\"wp-block-accordion-heading has-icon has-icon-right\"><button aria-expanded=\"false\" aria-controls=\"accordion-item-2-panel\" data-wp-bind--aria-expanded=\"state.isOpen\" data-wp-on--click=\"actions.toggle\" id=\"accordion-item-2\" type=\"button\" class=\"wp-block-accordion-heading__toggle\"><span class=\"wp-block-accordion-heading__toggle-title\">Who is it for?<\/span><span class=\"wp-block-accordion-heading__toggle-icon\" aria-hidden=\"true\">+<\/span><\/button><\/h3>\n\n\n\n<div aria-labelledby=\"accordion-item-2\" data-wp-bind--hidden=\"state.isHidden\" data-wp-on--beforematch=\"actions.handleBeforeMatch\" id=\"accordion-item-2-panel\" role=\"region\" class=\"wp-block-accordion-panel is-layout-flow wp-block-accordion-panel-is-layout-flow\">\n<ul class=\"wp-block-list\">\n<li>Artisans and artists, whether recent art school graduates or those with artistic experience, who are looking for new horizons in which to create!<\/li>\n\n\n\n<li>All forms of performing and visual arts are welcome: potters, photographers, writers, dancers, circus performers, actors, storytellers, painters and artists working in any medium.<\/li>\n<\/ul>\n<\/div>\n<\/div>\n<\/div>\n\n\n\n<div data-wp-context=\"{ &quot;autoclose&quot;: false, &quot;accordionItems&quot;: [] }\" data-wp-interactive=\"core\/accordion\" role=\"group\" class=\"wp-block-accordion is-layout-flow wp-block-accordion-is-layout-flow\">\n<div data-wp-class--is-open=\"state.isOpen\" data-wp-context=\"{ &quot;id&quot;: &quot;accordion-item-3&quot;, &quot;openByDefault&quot;: false }\" data-wp-init=\"callbacks.initAccordionItems\" data-wp-on-window--hashchange=\"callbacks.hashChange\" class=\"wp-block-accordion-item is-layout-flow wp-block-accordion-item-is-layout-flow\">\n<h3 class=\"wp-block-accordion-heading has-icon has-icon-right\"><button aria-expanded=\"false\" aria-controls=\"accordion-item-3-panel\" data-wp-bind--aria-expanded=\"state.isOpen\" data-wp-on--click=\"actions.toggle\" id=\"accordion-item-3\" type=\"button\" class=\"wp-block-accordion-heading__toggle\"><span class=\"wp-block-accordion-heading__toggle-title\">What types of residencies are available?<\/span><span class=\"wp-block-accordion-heading__toggle-icon\" aria-hidden=\"true\">+<\/span><\/button><\/h3>\n\n\n\n<div aria-labelledby=\"accordion-item-3\" data-wp-bind--hidden=\"state.isHidden\" data-wp-on--beforematch=\"actions.handleBeforeMatch\" id=\"accordion-item-3-panel\" role=\"region\" class=\"wp-block-accordion-panel is-layout-flow wp-block-accordion-panel-is-layout-flow\">\n<p class=\"wp-block-paragraph\">Artist residencies and community engagement programmes.<\/p>\n<\/div>\n<\/div>\n<\/div>\n\n\n\n<div data-wp-context=\"{ &quot;autoclose&quot;: false, &quot;accordionItems&quot;: [] }\" data-wp-interactive=\"core\/accordion\" role=\"group\" class=\"wp-block-accordion is-layout-flow wp-block-accordion-is-layout-flow\">\n<div data-wp-class--is-open=\"state.isOpen\" data-wp-context=\"{ &quot;id&quot;: &quot;accordion-item-4&quot;, &quot;openByDefault&quot;: false }\" data-wp-init=\"callbacks.initAccordionItems\" data-wp-on-window--hashchange=\"callbacks.hashChange\" class=\"wp-block-accordion-item is-layout-flow wp-block-accordion-item-is-layout-flow\">\n<h3 class=\"wp-block-accordion-heading has-icon has-icon-right\"><button aria-expanded=\"false\" aria-controls=\"accordion-item-4-panel\" data-wp-bind--aria-expanded=\"state.isOpen\" data-wp-on--click=\"actions.toggle\" id=\"accordion-item-4\" type=\"button\" class=\"wp-block-accordion-heading__toggle\"><span class=\"wp-block-accordion-heading__toggle-title\">When ?<\/span><span class=\"wp-block-accordion-heading__toggle-icon\" aria-hidden=\"true\">+<\/span><\/button><\/h3>\n\n\n\n<div aria-labelledby=\"accordion-item-4\" data-wp-bind--hidden=\"state.isHidden\" data-wp-on--beforematch=\"actions.handleBeforeMatch\" id=\"accordion-item-4-panel\" role=\"region\" class=\"wp-block-accordion-panel is-layout-flow wp-block-accordion-panel-is-layout-flow\">\n<ul class=\"wp-block-list\">\n<li>You are welcome to send us your application now. Please include your CV, a cover letter, your project proposal, and examples of your work, such as photographs, a portfolio, or a link to your website.<\/li>\n\n\n\n<li>The successful project will be selected by a review committee.<\/li>\n<\/ul>\n<\/div>\n<\/div>\n<\/div>\n\n\n\n<p class=\"wp-block-paragraph\">To find out more about the terms and conditions of our artist residencies, please download our information sheet.<\/p>","protected":false},"excerpt":{"rendered":"<p>Venir en r\u00e9sidence \u00e0 l&rsquo;atelier mus\u00e9e de la terre de Puycheny Nous souhaitons proposer \u00e0 nos visiteurs de d\u00e9couvrir ou red\u00e9couvrir le site des Tuileries de Puycheny sous d\u2019autres angles, d\u2019autres regards. Pour en savoir plus sur les modalit\u00e9s de nos r\u00e9sidences d\u2019artistes, t\u00e9l\u00e9chargez notre document explicatif.<\/p>","protected":false},"author":2,"featured_media":165,"parent":0,"menu_order":0,"comment_status":"closed","ping_status":"closed","template":"","meta":{"_acf_changed":false,"footnotes":""},"class_list":["post-13","page","type-page","status-publish","has-post-thumbnail","hentry"],"acf":[],"_links":{"self":[{"href":"https:\/\/ateliermuseedelaterre.com\/en\/wp-json\/wp\/v2\/pages\/13","targetHints":{"allow":["GET"]}}],"collection":[{"href":"https:\/\/ateliermuseedelaterre.com\/en\/wp-json\/wp\/v2\/pages"}],"about":[{"href":"https:\/\/ateliermuseedelaterre.com\/en\/wp-json\/wp\/v2\/types\/page"}],"author":[{"embeddable":true,"href":"https:\/\/ateliermuseedelaterre.com\/en\/wp-json\/wp\/v2\/users\/2"}],"replies":[{"embeddable":true,"href":"https:\/\/ateliermuseedelaterre.com\/en\/wp-json\/wp\/v2\/comments?post=13"}],"version-history":[{"count":6,"href":"https:\/\/ateliermuseedelaterre.com\/en\/wp-json\/wp\/v2\/pages\/13\/revisions"}],"predecessor-version":[{"id":2629,"href":"https:\/\/ateliermuseedelaterre.com\/en\/wp-json\/wp\/v2\/pages\/13\/revisions\/2629"}],"wp:featuredmedia":[{"embeddable":true,"href":"https:\/\/ateliermuseedelaterre.com\/en\/wp-json\/wp\/v2\/media\/165"}],"wp:attachment":[{"href":"https:\/\/ateliermuseedelaterre.com\/en\/wp-json\/wp\/v2\/media?parent=13"}],"curies":[{"name":"wp","href":"https:\/\/api.w.org\/{rel}","templated":true}]}}

<h2 class="wp-block-heading">Take up a residency at the Atelier Musée de la Terre in Puycheny</h2>



<p class="wp-block-paragraph">We would like to invite our visitors to discover or rediscover the Tuileries de Puycheny site from different angles and perspectives.</p>



<div data-wp-context="{ &quot;autoclose&quot;: false, &quot;accordionItems&quot;: [] }" data-wp-interactive="core/accordion" role="group" class="wp-block-accordion is-layout-flow wp-block-accordion-is-layout-flow">
<div data-wp-class--is-open="state.isOpen" data-wp-context="{ &quot;id&quot;: &quot;accordion-item-1&quot;, &quot;openByDefault&quot;: false }" data-wp-init="callbacks.initAccordionItems" data-wp-on-window--hashchange="callbacks.hashChange" class="wp-block-accordion-item is-layout-flow wp-block-accordion-item-is-layout-flow">
<h3 class="wp-block-accordion-heading has-icon has-icon-right"><button aria-expanded="false" aria-controls="accordion-item-1-panel" data-wp-bind--aria-expanded="state.isOpen" data-wp-on--click="actions.toggle" id="accordion-item-1" type="button" class="wp-block-accordion-heading__toggle"><span class="wp-block-accordion-heading__toggle-title">Objectives</span><span class="wp-block-accordion-heading__toggle-icon" aria-hidden="true">+</span></button></h3>



<div aria-labelledby="accordion-item-1" data-wp-bind--hidden="state.isHidden" data-wp-on--beforematch="actions.handleBeforeMatch" id="accordion-item-1-panel" role="region" class="wp-block-accordion-panel is-layout-flow wp-block-accordion-panel-is-layout-flow">
<ul class="wp-block-list">
<li>Permettre à des artistes de se nourrir du lieu, créer, s’inspirer, s’imprégner afin qu’ils puissent retransmettre leurs expériences au public au travers de différents supports ou techniques</li>



<li>To enhance the programmes offered by the Musée de la Terre Workshop and to develop its identity and role within the region</li>



<li>Promoting equal access to art and culture for everyone in rural areas</li>



<li>Exploring Puycheny’s heritage of tile-making through new artistic initiatives</li>



<li>Initier, inventer d’autres modes de relation aux habitants et au territoire.</li>
</ul>
</div>
</div>
</div>



<div data-wp-context="{ &quot;autoclose&quot;: false, &quot;accordionItems&quot;: [] }" data-wp-interactive="core/accordion" role="group" class="wp-block-accordion is-layout-flow wp-block-accordion-is-layout-flow">
<div data-wp-class--is-open="state.isOpen" data-wp-context="{ &quot;id&quot;: &quot;accordion-item-2&quot;, &quot;openByDefault&quot;: false }" data-wp-init="callbacks.initAccordionItems" data-wp-on-window--hashchange="callbacks.hashChange" class="wp-block-accordion-item is-layout-flow wp-block-accordion-item-is-layout-flow">
<h3 class="wp-block-accordion-heading has-icon has-icon-right"><button aria-expanded="false" aria-controls="accordion-item-2-panel" data-wp-bind--aria-expanded="state.isOpen" data-wp-on--click="actions.toggle" id="accordion-item-2" type="button" class="wp-block-accordion-heading__toggle"><span class="wp-block-accordion-heading__toggle-title">Who is it for?</span><span class="wp-block-accordion-heading__toggle-icon" aria-hidden="true">+</span></button></h3>



<div aria-labelledby="accordion-item-2" data-wp-bind--hidden="state.isHidden" data-wp-on--beforematch="actions.handleBeforeMatch" id="accordion-item-2-panel" role="region" class="wp-block-accordion-panel is-layout-flow wp-block-accordion-panel-is-layout-flow">
<ul class="wp-block-list">
<li>Artisans and artists, whether recent art school graduates or those with artistic experience, who are looking for new horizons in which to create!</li>



<li>All forms of performing and visual arts are welcome: potters, photographers, writers, dancers, circus performers, actors, storytellers, painters and artists working in any medium.</li>
</ul>
</div>
</div>
</div>



<div data-wp-context="{ &quot;autoclose&quot;: false, &quot;accordionItems&quot;: [] }" data-wp-interactive="core/accordion" role="group" class="wp-block-accordion is-layout-flow wp-block-accordion-is-layout-flow">
<div data-wp-class--is-open="state.isOpen" data-wp-context="{ &quot;id&quot;: &quot;accordion-item-3&quot;, &quot;openByDefault&quot;: false }" data-wp-init="callbacks.initAccordionItems" data-wp-on-window--hashchange="callbacks.hashChange" class="wp-block-accordion-item is-layout-flow wp-block-accordion-item-is-layout-flow">
<h3 class="wp-block-accordion-heading has-icon has-icon-right"><button aria-expanded="false" aria-controls="accordion-item-3-panel" data-wp-bind--aria-expanded="state.isOpen" data-wp-on--click="actions.toggle" id="accordion-item-3" type="button" class="wp-block-accordion-heading__toggle"><span class="wp-block-accordion-heading__toggle-title">What types of residencies are available?</span><span class="wp-block-accordion-heading__toggle-icon" aria-hidden="true">+</span></button></h3>



<div aria-labelledby="accordion-item-3" data-wp-bind--hidden="state.isHidden" data-wp-on--beforematch="actions.handleBeforeMatch" id="accordion-item-3-panel" role="region" class="wp-block-accordion-panel is-layout-flow wp-block-accordion-panel-is-layout-flow">
<p class="wp-block-paragraph">Artist residencies and community engagement programmes.</p>
</div>
</div>
</div>



<div data-wp-context="{ &quot;autoclose&quot;: false, &quot;accordionItems&quot;: [] }" data-wp-interactive="core/accordion" role="group" class="wp-block-accordion is-layout-flow wp-block-accordion-is-layout-flow">
<div data-wp-class--is-open="state.isOpen" data-wp-context="{ &quot;id&quot;: &quot;accordion-item-4&quot;, &quot;openByDefault&quot;: false }" data-wp-init="callbacks.initAccordionItems" data-wp-on-window--hashchange="callbacks.hashChange" class="wp-block-accordion-item is-layout-flow wp-block-accordion-item-is-layout-flow">
<h3 class="wp-block-accordion-heading has-icon has-icon-right"><button aria-expanded="false" aria-controls="accordion-item-4-panel" data-wp-bind--aria-expanded="state.isOpen" data-wp-on--click="actions.toggle" id="accordion-item-4" type="button" class="wp-block-accordion-heading__toggle"><span class="wp-block-accordion-heading__toggle-title">When ?</span><span class="wp-block-accordion-heading__toggle-icon" aria-hidden="true">+</span></button></h3>



<div aria-labelledby="accordion-item-4" data-wp-bind--hidden="state.isHidden" data-wp-on--beforematch="actions.handleBeforeMatch" id="accordion-item-4-panel" role="region" class="wp-block-accordion-panel is-layout-flow wp-block-accordion-panel-is-layout-flow">
<ul class="wp-block-list">
<li>You are welcome to send us your application now. Please include your CV, a cover letter, your project proposal, and examples of your work, such as photographs, a portfolio, or a link to your website.</li>



<li>The successful project will be selected by a review committee.</li>
</ul>
</div>
</div>
</div>



<p class="wp-block-paragraph">To find out more about the terms and conditions of our artist residencies, please download our information sheet.</p>

<p>Venir en résidence à l&rsquo;atelier musée de la terre de Puycheny Nous souhaitons proposer à nos visiteurs de découvrir ou redécouvrir le site des Tuileries de Puycheny sous d’autres angles, d’autres regards. Pour en savoir plus sur les modalités de nos résidences d’artistes, téléchargez notre document explicatif.</p>
